hat are the prime factors of 441774052?
2, 29, 3808397
List the prime factors of 1365277992.
2, 3, 13, 409, 823
List the prime factors of 2510416872.
2, 3, 2917, 11953
List the prime factors of 44754835.
5, 8950967
List the prime factors of 2758425154.
2, 83, 16617019
What are the prime factors of 100037935?
5, 71, 281797
List the prime factors of 36234162.
2, 3, 671003
What are the prime factors of 447418237?
7, 1423, 44917
List the prime factors of 557144370.
2, 3, 5, 751, 8243
What are the prime factors of 1196792467?
13, 92060959
What are the prime factors of 106214463?
3, 31, 113, 1123
List the prime factors of 41946385.
5, 13, 645329
What are the prime factors of 39707766?
2, 3, 7, 73, 1439
What are the prime factors of 1560590458?
2, 7, 111470747
What are the prime factors of 5870957?
23, 255259
List the prime factors of 2107049994.
2, 3, 7, 1439, 11621
List the prime factors of 404724246.
2, 3, 379, 177979
What are the prime factors of 19748396?
2, 103, 47933
List the prime factors of 6428506.
2, 7, 9371
What are the prime factors of 583807562?
2, 13, 31, 229, 3163
List the prime factors of 27348040.
2, 5, 683701
What are the prime factors of 2921885528?
2, 365235691
What are the prime factors of 157385746?
2, 7, 229, 7013
What are the prime factors of 2920329338?
2, 1460164669
What are the prime factors of 15438217?
31, 317, 1571
What are the prime factors of 38952588?
2, 3, 71, 131, 349
List the prime factors of 486286848.
2, 3, 29, 1213
List the prime factors of 66690586.
2, 33345293
List the prime factors of 23341360.
2, 5, 7, 41681
List the prime factors of 2405444338.
2, 11, 43, 409, 6217
List the prime factors of 1748052507.
3, 41, 563, 25243
What are the prime factors of 4027757962?
2, 79, 983, 25933
List the prime factors of 360814373.
2887, 124979
What are the prime factors of 8810103451?
53, 1277, 130171
List the prime factors of 2583203018.
2, 11, 59, 1990141
List the prime factors of 263952709.
37, 7133857
List the prime factors of 410952477.
3, 13, 23, 241, 1901
List the prime factors of 444224692.
2, 61, 97, 137
List the prime factors of 79196459.
73, 173, 6271
What are the prime factors of 1622192722?
2, 2861, 283501
What are the prime factors of 89915276?
2, 11, 89, 22961
List the prime factors of 22872452.
2, 5718113
List the prime factors of 3242802027.
3, 31, 107, 325877
List the prime factors of 102550141.
43, 643, 3709
List the prime factors of 490801687.
3671, 133697
List the prime factors of 3627005.
5, 19, 73, 523
What are the prime factors of 188571234?
2, 3, 761, 41299
List the prime factors of 94342747.
103, 915949
What are the prime factors of 5439463689?
3, 11, 2393, 68881
What are the prime factors of 91543166?
2, 11, 13, 320081
What are the prime factors of 835703776?
2, 757, 34499
List the prime factors of 4274537.
41, 137, 761
What are the prime factors of 365544137?
7, 52220591
List the prime factors of 327099202.
2, 61, 2681141
What are the prime factors of 7539730?
2, 5, 11, 68543
List the prime factors of 436546952.
2, 54568369
What are the prime factors of 539732466?
2, 3, 7, 13, 109, 3023
What are the prime factors of 432713402?
2, 11, 19668791
List the prime factors of 302516485.
5, 60503297
What are the prime factors of 349879087?
349879087
What are the prime factors of 1362563133?
3, 454187711
List the prime factors of 86649860.
2, 5, 11, 393863
What are the prime factors of 681916679?
681916679
What are the prime factors of 2185195160?
2, 5, 233, 234463
What are the prime factors of 2416232584?
2, 19, 15896267
What are the prime factors of 168824092?
2, 787, 53629
List the prime factors of 130594619.
19, 239, 28759
List the prime factors of 977361086.
2, 13, 317, 118583
List the prime factors of 4030662489.
3, 7, 19, 1787, 5653
What are the prime factors of 367410667?
13, 31, 911689
What are the prime factors of 709696726?
2, 113, 3140251
List the prime factors of 12191883.
3, 11, 41, 9011
List the prime factors of 1040192889.
3, 17, 67, 304417
What are the prime factors of 65914919?
7, 9416417
What are the prime factors of 1813408584?
2, 3, 13, 109, 53323
What are the prime factors of 34133013?
3, 43, 89, 991
List the prime factors of 28804910.
2, 5, 223, 12917
List the prime factors of 180630661.
17, 23, 461971
List the prime factors of 115610761.
7, 17, 101, 9619
What are the prime factors of 519656419?
43, 12085033
What are the prime factors of 1888831290?
2, 3, 5, 62961043
What are the prime factors of 3654836641?
3654836641
List the prime factors of 211563872.
2, 13, 508567
What are the prime factors of 145411394?
2, 29, 2507093
List the prime factors of 576429065.
5, 115285813
List the prime factors of 36603359.
13, 677, 4159
What are the prime factors of 1058682986?
2, 529341493
List the prime factors of 26075146.
2, 23, 566851
What are the prime factors of 209817893?
17, 19, 179, 191
What are the prime factors of 162664288?
2, 173, 29383
What are the prime factors of 811562717?
7, 857, 135283
List the prime factors of 6280088723.
47, 133618909
What are the prime factors of 1025367264?
2, 3, 461, 7723
What are the prime factors of 615394008?
2, 3, 233, 36683
List the prime factors of 2453931651.
3, 3547, 230611
What are the prime factors of 341761210?
2, 5, 7, 103, 107, 443
What are the prime factors of 110515832?
2, 7, 1279, 1543
List the prime factors of 17302591.
337, 51343
List the prime factors of 629918544.
2, 3, 17, 229, 3371
List the prime factors of 3537750131.
3537750131
List the prime factors of 4636251425.
5, 13, 14265389
List the prime factors of 5852506467.
3, 1950835489
What are the prime factors of 6603685925?
5, 264147437
What are the prime factors of 146766164?
2, 2659, 13799
List the prime factors of 161274992.
2, 10079687
List the prime factors of 2124889631.
2124889631
What are the prime factors of 1156211727?
3, 11, 89, 393671
List the prime factors of 79484851.
79484851
What are the prime factors of 394140?
2, 3, 5, 6569
What are the prime factors of 1484136998?
2, 71, 2377, 4397
List the prime factors of 92805596.
2, 13, 1784723
List the prime factors of 2662511897.
37, 1867, 38543
List the prime factors of 69448296.
2, 3, 2893679
What are the prime factors of 770330209?
11, 70030019
What are the prime factors of 253231265?
5, 7, 23, 44939
What are the prime factors of 184624944?
2, 3, 7, 78497
What are the prime factors of 792543778?
2, 13, 30482453
List the prime factors of 72873123.
3, 347, 70003
What are the prime factors of 5500119?
3, 263, 6971
What are the prime factors of 223467060?
2, 3, 5, 1559, 2389
List the prime factors of 725103244.
2, 17, 23, 157, 2953
What are the prime factors of 26696309?
26696309
What are the prime factors of 2032991243?
2032991243
What are the prime factors of 2127596665?
5, 17, 1039, 24091
List the prime factors of 300342587.
17, 113, 156347
List the prime factors of 85780634.
2, 131, 327407
What are the prime factors of 477678076?
2, 23, 5192153
What are the prime factors of 921260528?
2, 57578783
What are the prime factors of 214678536?
2, 3, 8944939
List the prime factors of 26844319.
71, 378089
List the prime factors of 111636734.
2, 11, 157, 32321
List the prime factors of 557033132.
2, 139258283
List the prime factors of 3254981831.
3254981831
What are the prime factors of 1229438893?
1229438893
List the prime factors of 3621472401.
3, 2657, 454331
List the prime factors of 184596559.
7, 1613, 16349
What are the prime factors of 1488096883?
7, 13, 379, 3319
What are the prime factors of 257564197?
11, 97, 241391
What are the prime factors of 692490196?
2, 9949, 17401
List the prime factors of 73855205.
5, 14771041
List the prime factors of 2089858173.
3, 13, 53586107
List the prime factors of 46345085.
5, 19, 487843
List the prime factors of 403041912.
2, 3, 7, 13, 31, 5953
What are the prime factors of 309326006?
2, 11, 29, 313, 1549
What are the prime factors of 2358788342?
2, 47, 997, 25169
List the prime factors of 4947355603.
19, 6481, 40177
List the prime factors of 883663484.
2, 11, 83, 21997
List the prime factors of 155295075.
3, 5, 13, 19, 83, 101
What are the prime factors of 205832935?
5, 7, 11, 534631
What are the prime factors of 535194937?
535194937
List the prime factors of 333322833.
3, 19, 58477